
404587a
In base 12, what is 21893a - -4?
218942
In base 9, what is 261 + 23043?
23314
In base 10, what is 98467 - -80?
98547
In base 4, what is -3020 + -1013?
-10033
In base 7, what is -5 - -416166?
416161
In base 6, what is -33 + 25134?
25101
In base 6, what is 1 - 2241425?
-2241424
In base 4, what is 10 - 2112203?
-2112133
In base 3, what is 10100 - 11122000?
-11111200
In base 6, what is -215 + 3100?
2441
In base 15, what is 103bd + -2?
103bb
In base 2, what is 11 - -1011010000110?
1011010001001
In base 16, what is 48d48 + 4?
48d4c
In base 5, what is -24204400 - 2?
-24204402
In base 5, what is -230 - 1021?
-1301
In base 13, what is -39a9 - 1?
-39aa
In base 7, what is 5635 + -5?
5630
In base 11, what is -2 + 79a0?
7999
In base 16, what is 6 + -2ec?
-2e6
In base 11, what is -1 - 15446?
-15447
In base 6, what is 320 - 555?
-235
In base 9, what is -141 + -1856?
-2107
In base 11, what is 3 + -8622?
-861a
In base 13, what is b80 + -9?
b74
In base 7, what is 6124 + -14?
6110
In base 2, what is -101000111011000011 + -10000?
-101000111011010011
In base 2, what is 1011010000 + -10000101?
1001001011
In base 12, what is 118a1 - -9?
118aa
In base 4, what is -112222203 - -1?
-112222202
In base 9, what is 405724 - 0?
405724
In base 2, what is -10 - -11010110011010?
11010110011000
In base 7, what is -6460 + 5253?
-1204
In base 12, what is -6518 + -10?
-6528
In base 3, what is 2200 + 12110002?
12112202
In base 14, what is 71c93d - -5?
71c944
In base 10, what is 2 + 705787?
705789
In base 13, what is 4 + -18351?
-1834a
In base 8, what is -1 + -5165?
-5166
In base 6, what is -2310 + 3454?
1144
In base 13, what is 197b + -3c?
193c
In base 7, what is -4 - -1602336?
1602332
In base 4, what is 1323 + 20201?
22130
In base 3, what is -10 + -102011221?
-102012001
In base 15, what is -c9 + -593?
-66c
In base 2, what is -111011111001 - -10001100?
-111001101101
In base 15, what is -a + 2625a?
26250
In base 6, what is -1523052 + -21?
-1523113
In base 6, what is -1021334 - 4?
-1021342
In base 5, what is -13043 + -242?
-13340
In base 4, what is -230100301 + -10?
-230100311
In base 7, what is 60332036 + 3?
60332042
In base 6, what is -103024 - 23?
-103051
In base 5, what is 4142 + 400?
10042
In base 3, what is -12222 + -210111?
-1000110
In base 7, what is -2143410 - 3?
-2143413
In base 2, what is 1 + 11010101001101100?
11010101001101101
In base 9, what is -8046 + -5?
-8052
In base 14, what is -4 + 37c6?
37c2
In base 11, what is 27 + 8808?
8834
In base 11, what is 23111 - 1?
23110
In base 2, what is -1000010010000000 - 10?
-1000010010000010
In base 4, what is 1 + -312100012?
-312100011
In base 13, what is aca65 + -4?
aca61
In base 3, what is -1112000 - -11100?
-1100200
In base 4, what is -1022120 + 20232?
-1001222
In base 11, what is 27 - 4a8?
-481
In base 4, what is 213101102 + 201?
213101303
In base 6, what is 104 - -321130?
321234
In base 13, what is 35b5 - -4?
35b9
In base 2, what is -100010 - 11111011101?
-11111111111
In base 6, what is -20 + 314053?
314033
In base 4, what is 203 + 1013210?
1020013
In base 11, what is -1790 - 15?
-17a5
In base 6, what is 1441002 + 3?
1441005
In base 16, what is 5 + 5c29?
5c2e
In base 3, what is 1002012012 - 11?
1002012001
In base 13, what is -1542 + 11?
-1531
In base 2, what is 101011100101 - -11111010?
101111011111
In base 2, what is 1 - -110011101000001?
110011101000010
In base 3, what is 10120112200 - 110?
10120112020
In base 16, what is -4 + 51e2?
51de
In base 6, what is -311004 - 12?
-311020
In base 4, what is 10203010103 - -1?
10203010110
In base 11, what is -746 + -17?
-762
In base 16, what is -34 - 11d?
-151
In base 3, what is -121 - 1010201?
-1011022
In base 12, what is -16b3 - 27?
-171a
In base 7, what is -33356 + 13?
-33343
In base 4, what is -2300 - 2223?
-11123
In base 14, what is 1 + 34c94?
34c95
In base 14, what is 1 - 49c3c?
-49c3b
In base 12, what is -371 + -bb?
-470
In base 2, what is 1100100101001110 + -101?
1100100101001001
In base 6, what is -110 + 22?
-44
In base 16, what is -1489 - -6b?
-141e
In base 7, what is 22462 + -404?
22055
In base 2, what is 11111011 - -1100000?
101011011
In base 4, what is -313 + 113013?
112100
In base 2, what is -1001001111011 + 111101?
-1001000111110
In base 4, what is -111 + -10230131?
-10230302
In base 4, what is 13 - -200233?
200312
In base 3, what is -1121102 + -20000?
-1211102
In base 10, what is 350 - -485?
835
In base 2, what is 1 + -1011011011110011?
-1011011011110010
In base 5, what is -134231 + 3?
-134223
In base 13, what is 495 - -2?
497
In base 10, what is -10134 + 11?
-10123
In base 12, what is -71 - -4b1b?
4a6a
In base 16, what is 96 - 3c?
5a
In base 15, what is 2d3d9 - 7?
2d3d2
In base 13, what is -8b5 - -56?
-85c
In base 16, what is -3 - 44ea?
-44ed
In base 16, what is -2 + -11a98?
-11a9a
In base 9, what is -15 - 6537?
-6553
In base 6, what is -42350025 - -3?
-42350022
In base 2, what is 1100 + 10010111011111?
10010111101011
In base 14, what is 12c - 8b?
81
In base 8, what is 131 + -37?
72
In base 3, what is 2 - 1122102000210?
-1122102000201
In base 14, what is 785 - 139?
64a
In base 3, what is 10122 - 221102200?
-221022001
In base 12, what is 36977 - -8?
36983
In base 8, what is -2701 - -402?
-2277
In base 13, what is -10312b + 1?
-10312a
In base 7, what is -263406 + 0?
-263406
In base 14, what is -b - -2c69?
2c5c
In base 14, what is -1 + 10c4?
10c3
In base 4, what is -2 - -111013033?
111013031
In base 3, what is -1012 + 1211221?
1210202
In base 9, what is 18031 + 30?
18061
In base 12, what is 39 + -393?
-356
In base 16, what is -53 + 24ab?
2458
In base 5, what is 2013 - 202140?
-200122
In base 10, what is 1 + -84262?
-84261
In base 4, what is 33003 - 13132?
13211
In base 4, what is 30 - 201000?
-200310
In base 4, what is 20 - 10223303?
-10223223
In base 5, what is 34 + -1242113?
-1242024
In base 16, what is -6 - 1677?
-167d
In base 7, what is -151434 - -101?
-151333
In base 14, what is 7b8 + 17?
7d1
In base 7, what is 4201 + 16451?
23652
In base 6, what is 12501 - 12?
12445
In base 12, what is -86 + 133?
69
In base 8, what is 0 + 250300?
250300
In base 16, what is -2 + -9429?
-942b
In base 8, what is 31 - 1123?
-1072
In base 7, what is 640334 - 0?
640334
In base 4, what is 1221 + 21232?
23113
In base 7, what is 106104653 + 5?
106104661
In base 5, what is -123111 + -313?
-123424
In base 6, what is -4323 - -25?
-4254
In base 10, what is 519 + -1156?
-637
In base 6, what is -20315 + -3?
-20322
In base 6, what is 10501405 + -2?
10501403
In base 3, what is 1002011222211 - 0?
1002011222211
In base 6, what is -101131 + -304?
-101435
In base 3, what is -10100 - -2010202001?
2010121201
In base 2, what is 1010110 - -1111000111011?
1111010010001
In base 2, what is -101000000 - -100000?
-100100000
In base 4, what is -200032 + 1003?
-133023
In base 16, what is 3 + -2e5b0?
-2e5ad
In base 9, what is -131200 - -4?
-131185
In base 7, what is 634 + 120?
1054
In base 4, what is -211333 + -12?
-212011
In base 13, what is -160a3 + -4?
-160a7
In base 11, what is -46 - -76a4?
7659
In base 13, what is -11 - -2b90b?
2b8ca
In base 15, what is -5 + -c9030?
-c9035
In base 7, what is 0 + -1526444?
-1526444
In base 15, what is 60 - -5ae9?
5b59
In base 12, what is 1571 + -59a?
b93
In base 12, what is -9281 + 87?
-91b6
In base 9, what is -30 - 1726?
-1756
In base 6, what is -335 + 3301?
2522
In base 5, what is 33 + -200?
-112
In base 12, what is -3 + 66204?
66201
In base 11, what is -233 - 139?
-371
In base 9, what is -5812 + -3?
-5815
In base 13, what is 531 - -1a?
54b
In base 8, what is 14631 + 20?
14651
In base 7, what is -150542 + -2?
-150544
In base 15, what is -19 + 60?
46
In base 11, what is -37 + -1718a?
-17216
In base 3, what is -11 - 2000120111?
-2000120122
In base 7, what is 60 - -1400041?
1400131
In base 7, what is -266 - 22366?
-22665
In base 14, what is -4 - 11bb?
-11c1
In base 10, what is -94480 + -5?
-94485
In base 8, what is 432 + -605?
-153
In base 12, what is -38355 - -2?
-38353
In base 14, what is 205 + -36?
1ad
In base 12, what is -27a3 + -14?
-27b7
In base 7, what is -1423 + -304?
-2030
In base 3, what is -1 + -2210120?
-2210121
In base 9, what is 14772 + -130?
14642
In base 5, what is 112 + -30001?
-24334
In base 4, what is -1333221 + -311?
-2000132
In base 7, what is 4 -